{"id":489,"date":"2026-01-28T16:17:58","date_gmt":"2026-01-28T15:17:58","guid":{"rendered":"https:\/\/web-mmi.iutbeziers.fr\/marathon_2026\/marathon_2026_14\/wordpress\/?page_id=489"},"modified":"2026-03-24T17:49:36","modified_gmt":"2026-03-24T16:49:36","slug":"prise-de-vue-aerienne-par-helicoptere","status":"publish","type":"page","link":"https:\/\/drones-air-mediterranee.com\/?page_id=489","title":{"rendered":"Prise de vue a\u00e9rienne par h\u00e9licopt\u00e8re"},"content":{"rendered":"\t\t<div data-elementor-type=\"wp-page\" data-elementor-id=\"489\" class=\"elementor elementor-489\">\n\t\t\t\t<div class=\"elementor-element elementor-element-17b6904 e-con-full e-flex wpr-particle-no wpr-jarallax-no wpr-parallax-no wpr-sticky-section-no wpr-equal-height-no e-con e-parent\" data-id=\"17b6904\" data-element_type=\"container\" data-e-type=\"container\" data-settings=\"{&quot;background_background&quot;:&quot;classic&quot;}\">\n\t\t<div class=\"elementor-element elementor-element-16c7af4 e-con-full e-flex wpr-particle-no wpr-jarallax-no wpr-parallax-no wpr-sticky-section-no wpr-equal-height-no e-con e-child\" data-id=\"16c7af4\" data-element_type=\"container\" data-e-type=\"container\" data-settings=\"{&quot;background_background&quot;:&quot;classic&quot;}\">\n\t\t\t\t<div class=\"elementor-element elementor-element-5d2e807 elementor-widget__width-initial elementor-widget elementor-widget-heading\" data-id=\"5d2e807\" data-element_type=\"widget\" data-e-type=\"widget\" data-widget_type=\"heading.default\">\n\t\t\t\t\t<h2 class=\"elementor-heading-title elementor-size-default\">Prise de vue a\u00e9rienne par \nh\u00e9licopt\u00e8re<\/h2>\t\t\t\t<\/div>\n\t\t\t\t<div class=\"elementor-element elementor-element-bb7439e elementor-widget elementor-widget-heading\" data-id=\"bb7439e\" data-element_type=\"widget\" data-e-type=\"widget\" data-widget_type=\"heading.default\">\n\t\t\t\t\t<h2 class=\"elementor-heading-title elementor-size-default\">Des images a\u00e9riennes spectaculaires, sans limite de hauteur ni de distance.<\/h2>\t\t\t\t<\/div>\n\t\t\t\t<\/div>\n\t\t<div class=\"elementor-element elementor-element-acb2e29 e-con-full e-flex wpr-particle-no wpr-jarallax-no wpr-parallax-no wpr-sticky-section-no wpr-equal-height-no e-con e-child\" data-id=\"acb2e29\" data-element_type=\"container\" data-e-type=\"container\" data-settings=\"{&quot;background_background&quot;:&quot;classic&quot;}\">\n\t\t<div class=\"elementor-element elementor-element-6daef8f e-con-full e-flex wpr-particle-no wpr-jarallax-no wpr-parallax-no wpr-sticky-section-no wpr-equal-height-no e-con e-child\" data-id=\"6daef8f\" data-element_type=\"container\" data-e-type=\"container\" data-settings=\"{&quot;background_background&quot;:&quot;classic&quot;}\">\n\t\t\t\t<div class=\"elementor-element elementor-element-98fc18b elementor-widget__width-initial elementor-widget elementor-widget-heading\" data-id=\"98fc18b\" data-element_type=\"widget\" data-e-type=\"widget\" data-widget_type=\"heading.default\">\n\t\t\t\t\t<h2 class=\"elementor-heading-title elementor-size-default\">Des images a\u00e9riennes au rendu cin\u00e9ma<\/h2>\t\t\t\t<\/div>\n\t\t\t\t<div class=\"elementor-element elementor-element-11f561c elementor-widget__width-initial elementor-widget elementor-widget-heading\" data-id=\"11f561c\" data-element_type=\"widget\" data-e-type=\"widget\" data-widget_type=\"heading.default\">\n\t\t\t\t\t<h2 class=\"elementor-heading-title elementor-size-default\">Nos h\u00e9licopt\u00e8res sont \u00e9quip\u00e9s de stabilisateurs \u00e9lectroniques de derni\u00e8re g\u00e9n\u00e9ration et de cam\u00e9ras haute d\u00e9finition, permettant de filmer jusqu\u2019en 6K avec un rendu Cin\u00e9flex.<br><br>R\u00e9sultat : des images fluides, nettes et spectaculaires, parfaitement adapt\u00e9es aux films institutionnels, documentaires, publicit\u00e9s, reportages ou projets audiovisuels haut de gamme.<\/h2>\t\t\t\t<\/div>\n\t\t\t\t<div class=\"elementor-element elementor-element-8664f61 elementor-widget elementor-widget-image\" data-id=\"8664f61\" data-element_type=\"widget\" data-e-type=\"widget\" data-widget_type=\"image.default\">\n\t\t\t\t\t\t\t\t\t\t\t\t\t\t\t<img fetchpriority=\"high\" decoding=\"async\" width=\"1500\" height=\"1125\" src=\"https:\/\/drones-air-mediterranee.com\/wp-content\/uploads\/2026\/02\/WhatsApp-Image-2026-01-28-at-13.34.05-1_upscayl_3x_upscayl-standard-4x.png\" class=\"attachment-full size-full wp-image-1157\" alt=\"\" srcset=\"https:\/\/drones-air-mediterranee.com\/wp-content\/uploads\/2026\/02\/WhatsApp-Image-2026-01-28-at-13.34.05-1_upscayl_3x_upscayl-standard-4x.png 1500w, https:\/\/drones-air-mediterranee.com\/wp-content\/uploads\/2026\/02\/WhatsApp-Image-2026-01-28-at-13.34.05-1_upscayl_3x_upscayl-standard-4x-300x225.png 300w, https:\/\/drones-air-mediterranee.com\/wp-content\/uploads\/2026\/02\/WhatsApp-Image-2026-01-28-at-13.34.05-1_upscayl_3x_upscayl-standard-4x-1024x768.png 1024w, https:\/\/drones-air-mediterranee.com\/wp-content\/uploads\/2026\/02\/WhatsApp-Image-2026-01-28-at-13.34.05-1_upscayl_3x_upscayl-standard-4x-768x576.png 768w\" sizes=\"(max-width: 1500px) 100vw, 1500px\" \/>\t\t\t\t\t\t\t\t\t\t\t\t\t\t\t<\/div>\n\t\t\t\t<\/div>\n\t\t\t\t<div class=\"elementor-element elementor-element-47a8bda elementor-widget elementor-widget-image\" data-id=\"47a8bda\" data-element_type=\"widget\" data-e-type=\"widget\" data-widget_type=\"image.default\">\n\t\t\t\t\t\t\t\t\t\t\t\t\t\t\t<img decoding=\"async\" width=\"700\" height=\"900\" src=\"https:\/\/drones-air-mediterranee.com\/wp-content\/uploads\/2026\/01\/helicpetre-1.png\" class=\"attachment-full size-full wp-image-756\" alt=\"\" srcset=\"https:\/\/drones-air-mediterranee.com\/wp-content\/uploads\/2026\/01\/helicpetre-1.png 700w, https:\/\/drones-air-mediterranee.com\/wp-content\/uploads\/2026\/01\/helicpetre-1-233x300.png 233w\" sizes=\"(max-width: 700px) 100vw, 700px\" \/>\t\t\t\t\t\t\t\t\t\t\t\t\t\t\t<\/div>\n\t\t\t\t<\/div>\n\t\t<div class=\"elementor-element elementor-element-a8a8c4d e-con-full e-flex wpr-particle-no wpr-jarallax-no wpr-parallax-no wpr-sticky-section-no wpr-equal-height-no e-con e-child\" data-id=\"a8a8c4d\" data-element_type=\"container\" data-e-type=\"container\" data-settings=\"{&quot;background_background&quot;:&quot;classic&quot;}\">\n\t\t\t\t<div class=\"elementor-element elementor-element-de28ee6 elementor-widget__width-initial elementor-widget elementor-widget-image\" data-id=\"de28ee6\" data-element_type=\"widget\" data-e-type=\"widget\" data-widget_type=\"image.default\">\n\t\t\t\t\t\t\t\t\t\t\t\t\t\t\t<img decoding=\"async\" width=\"1500\" height=\"1125\" src=\"https:\/\/drones-air-mediterranee.com\/wp-content\/uploads\/2026\/02\/WhatsApp-Image-2026-01-28-at-13.34.04_upscayl_3x_upscayl-standard-4x.png\" class=\"attachment-full size-full wp-image-1156\" alt=\"\" srcset=\"https:\/\/drones-air-mediterranee.com\/wp-content\/uploads\/2026\/02\/WhatsApp-Image-2026-01-28-at-13.34.04_upscayl_3x_upscayl-standard-4x.png 1500w, https:\/\/drones-air-mediterranee.com\/wp-content\/uploads\/2026\/02\/WhatsApp-Image-2026-01-28-at-13.34.04_upscayl_3x_upscayl-standard-4x-300x225.png 300w, https:\/\/drones-air-mediterranee.com\/wp-content\/uploads\/2026\/02\/WhatsApp-Image-2026-01-28-at-13.34.04_upscayl_3x_upscayl-standard-4x-1024x768.png 1024w, https:\/\/drones-air-mediterranee.com\/wp-content\/uploads\/2026\/02\/WhatsApp-Image-2026-01-28-at-13.34.04_upscayl_3x_upscayl-standard-4x-768x576.png 768w\" sizes=\"(max-width: 1500px) 100vw, 1500px\" \/>\t\t\t\t\t\t\t\t\t\t\t\t\t\t\t<\/div>\n\t\t<div class=\"elementor-element elementor-element-00dcf2e e-con-full e-flex wpr-particle-no wpr-jarallax-no wpr-parallax-no wpr-sticky-section-no wpr-equal-height-no e-con e-child\" data-id=\"00dcf2e\" data-element_type=\"container\" data-e-type=\"container\" data-settings=\"{&quot;background_background&quot;:&quot;classic&quot;}\">\n\t\t\t\t<div class=\"elementor-element elementor-element-5e26d30 elementor-widget__width-initial elementor-widget elementor-widget-heading\" data-id=\"5e26d30\" data-element_type=\"widget\" data-e-type=\"widget\" data-widget_type=\"heading.default\">\n\t\t\t\t\t<h2 class=\"elementor-heading-title elementor-size-default\">Une solution compl\u00e9mentaire au drone<\/h2>\t\t\t\t<\/div>\n\t\t\t\t<div class=\"elementor-element elementor-element-301736d elementor-widget__width-initial elementor-widget elementor-widget-heading\" data-id=\"301736d\" data-element_type=\"widget\" data-e-type=\"widget\" data-widget_type=\"heading.default\">\n\t\t\t\t\t<h2 class=\"elementor-heading-title elementor-size-default\">Lorsque les contraintes de hauteur, de distance ou de r\u00e9glementation ne permettent pas l\u2019usage du drone, l\u2019h\u00e9licopt\u00e8re devient la solution id\u00e9ale pour :<br><br>\u2022 Prises de vue longue distance\u2028 <br>\u2022 Tournages en zone urbaine dense\u2028<br> \u2022 Sujets n\u00e9cessitant vitesse et altitude\u2028 <br>\u2022 Projets cin\u00e9ma &amp; TV<\/h2>\t\t\t\t<\/div>\n\t\t\t\t<\/div>\n\t\t\t\t<\/div>\n\t\t<div class=\"elementor-element elementor-element-22535e9 e-con-full e-flex wpr-particle-no wpr-jarallax-no wpr-parallax-no wpr-sticky-section-no wpr-equal-height-no e-con e-child\" data-id=\"22535e9\" data-element_type=\"container\" data-e-type=\"container\" data-settings=\"{&quot;background_background&quot;:&quot;classic&quot;}\">\n\t\t\t\t<div class=\"elementor-element elementor-element-be7be55 elementor-widget__width-initial elementor-widget elementor-widget-heading\" data-id=\"be7be55\" data-element_type=\"widget\" data-e-type=\"widget\" data-widget_type=\"heading.default\">\n\t\t\t\t\t<h2 class=\"elementor-heading-title elementor-size-default\">Besoin d\u2019images a\u00e9riennes par h\u00e9licopt\u00e8re ?<\/h2>\t\t\t\t<\/div>\n\t\t\t\t<div class=\"elementor-element elementor-element-6c0bffe elementor-widget__width-initial elementor-widget elementor-widget-heading\" data-id=\"6c0bffe\" data-element_type=\"widget\" data-e-type=\"widget\" data-widget_type=\"heading.default\">\n\t\t\t\t\t<h2 class=\"elementor-heading-title elementor-size-default\">Contactez Drones Air M\u00e9diterran\u00e9e pour vos projets de prises de vue a\u00e9rienne par h\u00e9licopt\u00e8re.\u2028 Nous vous accompagnons de l\u2019\u00e9tude de faisabilit\u00e9 jusqu\u2019\u00e0 la livraison d\u2019images haut de gamme.<\/h2>\t\t\t\t<\/div>\n\t\t\t\t<div class=\"elementor-element elementor-element-17a641c elementor-widget elementor-widget-button\" data-id=\"17a641c\" data-element_type=\"widget\" data-e-type=\"widget\" data-widget_type=\"button.default\">\n\t\t\t\t\t\t\t\t\t\t<a class=\"elementor-button elementor-button-link elementor-size-sm\" href=\"#\">\n\t\t\t\t\t\t<span class=\"elementor-button-content-wrapper\">\n\t\t\t\t\t\t\t\t\t<span class=\"elementor-button-text\">Contactez-nous<\/span>\n\t\t\t\t\t<\/span>\n\t\t\t\t\t<\/a>\n\t\t\t\t\t\t\t\t<\/div>\n\t\t\t\t<\/div>\n\t\t\t\t<\/div>\n\t\t<div class=\"elementor-element elementor-element-7f4d912 e-flex e-con-boxed wpr-particle-no wpr-jarallax-no wpr-parallax-no wpr-sticky-section-no wpr-equal-height-no e-con e-parent\" data-id=\"7f4d912\" data-element_type=\"container\" data-e-type=\"container\">\n\t\t\t\t\t<div class=\"e-con-inner\">\n\t\t\t\t<div class=\"elementor-element elementor-element-332ded0 elementor-widget elementor-widget-spacer\" data-id=\"332ded0\" data-element_type=\"widget\" data-e-type=\"widget\" data-widget_type=\"spacer.default\">\n\t\t\t\t\t\t\t<div class=\"elementor-spacer\">\n\t\t\t<div class=\"elementor-spacer-inner\"><\/div>\n\t\t<\/div>\n\t\t\t\t\t\t<\/div>\n\t\t\t\t\t<\/div>\n\t\t\t\t<\/div>\n\t\t<div class=\"elementor-element elementor-element-7b63e66 e-flex e-con-boxed wpr-particle-no wpr-jarallax-no wpr-parallax-no wpr-sticky-section-no wpr-equal-height-no e-con e-parent\" data-id=\"7b63e66\" data-element_type=\"container\" data-e-type=\"container\">\n\t\t\t\t\t<div class=\"e-con-inner\">\n\t\t<div class=\"elementor-element elementor-element-090d6e0 e-con-full e-flex wpr-particle-no wpr-jarallax-no wpr-parallax-no wpr-sticky-section-no wpr-equal-height-no e-con e-child\" data-id=\"090d6e0\" data-element_type=\"container\" data-e-type=\"container\">\n\t\t\t\t<div class=\"elementor-element elementor-element-b756996 elementor-widget elementor-widget-image\" data-id=\"b756996\" data-element_type=\"widget\" data-e-type=\"widget\" data-widget_type=\"image.default\">\n\t\t\t\t\t\t\t\t\t\t\t\t\t\t\t<img loading=\"lazy\" decoding=\"async\" width=\"768\" height=\"576\" src=\"https:\/\/drones-air-mediterranee.com\/wp-content\/uploads\/2026\/02\/WhatsApp-Image-2026-01-28-at-13.34-768x576.png\" class=\"attachment-medium_large size-medium_large wp-image-1164\" alt=\"\" srcset=\"https:\/\/drones-air-mediterranee.com\/wp-content\/uploads\/2026\/02\/WhatsApp-Image-2026-01-28-at-13.34-768x576.png 768w, https:\/\/drones-air-mediterranee.com\/wp-content\/uploads\/2026\/02\/WhatsApp-Image-2026-01-28-at-13.34-300x225.png 300w, https:\/\/drones-air-mediterranee.com\/wp-content\/uploads\/2026\/02\/WhatsApp-Image-2026-01-28-at-13.34-1024x768.png 1024w, https:\/\/drones-air-mediterranee.com\/wp-content\/uploads\/2026\/02\/WhatsApp-Image-2026-01-28-at-13.34.png 1500w\" sizes=\"(max-width: 768px) 100vw, 768px\" \/>\t\t\t\t\t\t\t\t\t\t\t\t\t\t\t<\/div>\n\t\t\t\t<\/div>\n\t\t<div class=\"elementor-element elementor-element-c51d71e e-con-full e-flex wpr-particle-no wpr-jarallax-no wpr-parallax-no wpr-sticky-section-no wpr-equal-height-no e-con e-child\" data-id=\"c51d71e\" data-element_type=\"container\" data-e-type=\"container\">\n\t\t\t\t<div class=\"elementor-element elementor-element-0b07453 elementor-widget elementor-widget-image\" data-id=\"0b07453\" data-element_type=\"widget\" data-e-type=\"widget\" data-widget_type=\"image.default\">\n\t\t\t\t\t\t\t\t\t\t\t\t\t\t\t<img loading=\"lazy\" decoding=\"async\" width=\"768\" height=\"576\" src=\"https:\/\/drones-air-mediterranee.com\/wp-content\/uploads\/2026\/02\/WhatsApp-Image-2026-01-28-at-13.34.05_upscayl_3x_upscayl-standard-4x-768x576.png\" class=\"attachment-medium_large size-medium_large wp-image-1159\" alt=\"\" srcset=\"https:\/\/drones-air-mediterranee.com\/wp-content\/uploads\/2026\/02\/WhatsApp-Image-2026-01-28-at-13.34.05_upscayl_3x_upscayl-standard-4x-768x576.png 768w, https:\/\/drones-air-mediterranee.com\/wp-content\/uploads\/2026\/02\/WhatsApp-Image-2026-01-28-at-13.34.05_upscayl_3x_upscayl-standard-4x-300x225.png 300w, https:\/\/drones-air-mediterranee.com\/wp-content\/uploads\/2026\/02\/WhatsApp-Image-2026-01-28-at-13.34.05_upscayl_3x_upscayl-standard-4x-1024x768.png 1024w, https:\/\/drones-air-mediterranee.com\/wp-content\/uploads\/2026\/02\/WhatsApp-Image-2026-01-28-at-13.34.05_upscayl_3x_upscayl-standard-4x.png 1500w\" sizes=\"(max-width: 768px) 100vw, 768px\" \/>\t\t\t\t\t\t\t\t\t\t\t\t\t\t\t<\/div>\n\t\t\t\t<\/div>\n\t\t\t\t\t<\/div>\n\t\t\t\t<\/div>\n\t\t\t\t<\/div>\n\t\t","protected":false},"excerpt":{"rendered":"<p>Prise de vue a\u00e9rienne par h\u00e9licopt\u00e8re Des images a\u00e9riennes spectaculaires, sans limite de hauteur ni de distance. Des images a\u00e9riennes au rendu cin\u00e9ma Nos h\u00e9licopt\u00e8res sont \u00e9quip\u00e9s de stabilisateurs \u00e9lectroniques de derni\u00e8re g\u00e9n\u00e9ration et de cam\u00e9ras haute d\u00e9finition, permettant de filmer jusqu\u2019en 6K avec un rendu Cin\u00e9flex. R\u00e9sultat : des images fluides, nettes et spectaculaires, parfaitement adapt\u00e9es aux films institutionnels, documentaires, publicit\u00e9s, reportages ou projets audiovisuels haut de gamme. Une solution compl\u00e9mentaire au drone Lorsque les contraintes de hauteur, de distance ou de r\u00e9glementation ne permettent pas l\u2019usage du drone, l\u2019h\u00e9licopt\u00e8re devient la solution id\u00e9ale pour : \u2022 Prises de vue longue distance\u2028 \u2022 Tournages en zone urbaine dense\u2028 \u2022 Sujets n\u00e9cessitant vitesse et altitude\u2028 \u2022 Projets cin\u00e9ma &amp; TV Besoin d\u2019images a\u00e9riennes par h\u00e9licopt\u00e8re ? Contactez Drones Air M\u00e9diterran\u00e9e pour vos projets de prises de vue a\u00e9rienne par h\u00e9licopt\u00e8re.\u2028 Nous vous accompagnons de l\u2019\u00e9tude de faisabilit\u00e9 jusqu\u2019\u00e0 la livraison d\u2019images haut de gamme. Contactez-nous<\/p>\n","protected":false},"author":1,"featured_media":0,"parent":0,"menu_order":0,"comment_status":"closed","ping_status":"closed","template":"","meta":{"footnotes":""},"class_list":["post-489","page","type-page","status-publish","hentry"],"_links":{"self":[{"href":"https:\/\/drones-air-mediterranee.com\/index.php?rest_route=\/wp\/v2\/pages\/489","targetHints":{"allow":["GET"]}}],"collection":[{"href":"https:\/\/drones-air-mediterranee.com\/index.php?rest_route=\/wp\/v2\/pages"}],"about":[{"href":"https:\/\/drones-air-mediterranee.com\/index.php?rest_route=\/wp\/v2\/types\/page"}],"author":[{"embeddable":true,"href":"https:\/\/drones-air-mediterranee.com\/index.php?rest_route=\/wp\/v2\/users\/1"}],"replies":[{"embeddable":true,"href":"https:\/\/drones-air-mediterranee.com\/index.php?rest_route=%2Fwp%2Fv2%2Fcomments&post=489"}],"version-history":[{"count":58,"href":"https:\/\/drones-air-mediterranee.com\/index.php?rest_route=\/wp\/v2\/pages\/489\/revisions"}],"predecessor-version":[{"id":1897,"href":"https:\/\/drones-air-mediterranee.com\/index.php?rest_route=\/wp\/v2\/pages\/489\/revisions\/1897"}],"wp:attachment":[{"href":"https:\/\/drones-air-mediterranee.com\/index.php?rest_route=%2Fwp%2Fv2%2Fmedia&parent=489"}],"curies":[{"name":"wp","href":"https:\/\/api.w.org\/{rel}","templated":true}]}}